31
What is the greatest common factor of 50 and 923200?
50
Calculate the greatest common factor of 405 and 682245.
45
What is the highest common divisor of 462603 and 41?
41
Calculate the greatest common factor of 90 and 168930.
90
What is the greatest common divisor of 405 and 64233?
81
Calculate the highest common divisor of 3672912 and 48.
48
Calculate the highest common factor of 48360 and 1599.
39
Calculate the highest common divisor of 16767 and 648.
81
Calculate the highest common divisor of 12483987 and 354.
177
Calculate the highest common factor of 39 and 92417.
13
What is the greatest common divisor of 1144 and 19305?
143
What is the greatest common divisor of 134 and 3193354?
134
What is the greatest common divisor of 2112 and 6138?
66
What is the highest common divisor of 22940 and 74?
74
Calculate the greatest common divisor of 100 and 12600.
100
Calculate the highest common factor of 1114464 and 380.
76
What is the greatest common divisor of 30651 and 102?
51
What is the highest common factor of 3503253 and 1677?
1677
Calculate the greatest common factor of 63 and 5301.
9
Calculate the greatest common factor of 19150 and 850.
50
Calculate the highest common divisor of 5 and 801025.
5
What is the highest common factor of 994 and 4370618?
994
Calculate the highest common factor of 300015 and 1062.
531
What is the greatest common factor of 34021 and 182?
13
Calculate the greatest common divisor of 810 and 14130.
90
Calculate the greatest common factor of 38 and 108718.
38
What is the highest common factor of 1701864 and 192?
24
What is the greatest common factor of 1500 and 363100?
100
Calculate the greatest common divisor of 692 and 22.
2
Calculate the greatest common divisor of 8008121 and 11.
11
Calculate the greatest common divisor of 1743768 and 1872.
936
Calculate the highest common factor of 93556 and 1501.
19
What is the highest common factor of 272632 and 848?
424
What is the highest common divisor of 23000 and 552?
184
Calculate the greatest common factor of 578 and 1172473.
289
Calculate the greatest common factor of 9402 and 66.
6
What is the highest common divisor of 954918 and 30?
6
What is the greatest common factor of 16266 and 5?
1
What is the greatest common factor of 22 and 114400?
22
Calculate the highest common divisor of 472 and 853612.
236
What is the highest common factor of 34 and 257?
1
What is the greatest common factor of 427 and 59963?
61
Calculate the highest common divisor of 286090 and 11590.
610
What is the greatest common divisor of 441 and 12537?
63
What is the greatest common divisor of 25265 and 1467?
163
Calculate the highest common divisor of 4655 and 42287.
49
What is the greatest common divisor of 333 and 1332999?
333
What is the highest common divisor of 15531 and 651?
93
Calculate the greatest common divisor of 1345 and 115.
5
What is the highest common factor of 308889 and 252?
63
Calculate the highest common divisor of 233280 and 2560.
320
What is the highest common factor of 386974 and 1048?
262
What is the highest common divisor of 17694 and 288?
18
Calculate the highest common factor of 1474 and 17.
1
Calculate the highest common divisor of 1197785 and 5.
5
What is the highest common factor of 712 and 121574?
178
What is the greatest common divisor of 10 and 99010?
10
What is the greatest common factor of 4179 and 1134?
21
Calculate the greatest common divisor of 438843 and 114.
57
What is the highest common divisor of 8281 and 5978?
49
Calculate the greatest common factor of 54 and 15630.
6
What is the greatest common divisor of 832584 and 921?
921
Calculate the greatest common factor of 135114 and 28.
14
What is the highest common divisor of 9804 and 8664?
228
Calculate the highest common divisor of 162 and 2406.
6
What is the greatest common divisor of 3550 and 242?
2
Calculate the greatest common factor of 104 and 946725.
13
Calculate the greatest common factor of 1023 and 231132.
33
Calculate the greatest common divisor of 14250 and 33.
3
Calculate the highest common divisor of 1625 and 76625.
125
What is the highest common factor of 498 and 17098?
166
Calculate the highest common divisor of 170 and 8364.
34
Calculate the greatest common divisor of 51145 and 530.
265
Calculate the greatest common factor of 961 and 403.
31
Calculate the highest common factor of 481 and 2925.
13
Calculate the greatest common divisor of 12 and 456996.
12
Calculate the greatest common divisor of 11 and 217448.
11
Calculate the greatest common divisor of 170546 and 4438.
634
What is the greatest common factor of 2942508 and 12?
12
Calculate the greatest common divisor of 731070 and 75.
15
What is the highest common divisor of 90 and 96795?
45
Calculate the greatest common factor of 1156490 and 50.
10
What is the greatest common factor of 1920020 and 40?
20
What is the highest common factor of 19 and 27721?
19
Calculate the greatest common factor of 1542290 and 50.
10
Calculate the highest common divisor of 22728 and 600.
24
What is the highest common divisor of 226205 and 23?
23
Calculate the greatest common divisor of 3376 and 1600.
16
Calculate the highest common divisor of 336 and 938.
14
Calculate the greatest common factor of 220920 and 30.
30
What is the greatest common divisor of 45095 and 10?
5
What is the greatest common divisor of 10492 and 3268?
172
What is the greatest common factor of 4929 and 118932?
159
What is the greatest common divisor of 266784 and 5880?
168
Calculate the greatest common divisor of 482 and 76879.
241
What is the highest common factor of 8008 and 22?
22
Calculate the greatest common divisor of 40 and 2341090.
10
What is the highest common divisor of 45430 and 50?
10
Calculate the highest common factor of 238 and 38206.
14
What is the greatest common divisor of 166225 and 4880?
305
Calculate the greatest common divisor of 11660 and 176.
44
Calculate the highest common divisor of 589 and 6308.
19
Calculate the greatest common divisor of 143 and 520.
13
What is the greatest common divisor of 23980 and 4015?
55
Calculate the highest common divisor of 690 and 4020.
30
What is the greatest common factor of 9667675 and 25?
25
What is the highest common factor of 200 and 109300?
100
Calculate the highest common factor of 29 and 23113.
29
What is the highest common factor of 90 and 379860?
30
What is the greatest common factor of 92997 and 9?
9
Calculate the highest common factor of 1 and 356415.
1
What is the greatest common factor of 786 and 738?
6
What is the greatest common divisor of 4168130 and 610?
610
What is the greatest common factor of 11 and 69960?
11
What is the highest common factor of 86734 and 34?
34
Calculate the greatest common divisor of 4807 and 132.
11
What is the highest common factor of 493968 and 168?
24
Calculate the greatest common divisor of 21632 and 338.
338
What is the highest common divisor of 1359 and 7830558?
1359
What is the highest common divisor of 428 and 126902?
214
Calculate the greatest common divisor of 30225 and 650.
325
What is the highest common factor of 2328754 and 38?
38
Calculate the greatest common factor of 49101 and 78.
39
What is the greatest common divisor of 107669 and 335?
67
What is the greatest common divisor of 225 and 50850?
225
What is the highest common factor of 330 and 3060?
30
Calculate the highest common factor of 15 and 1304895.
15
Calculate the greatest common divisor of 4191 and 5334.
381
Calculate the highest common divisor of 882580 and 20.
20
Calculate the highest common factor of 367824 and 8.
8
What is the highest common factor of 23 and 1159?
1
Calculate the highest common factor of 22 and 715363.
11
What is the greatest common divisor of 1320 and 68520?
120
Calculate the highest common factor of 26532 and 1980.
396
Calculate the highest common factor of 137 and 60691.
137
What is the highest common factor of 533156 and 13?
13
What is the highest common factor of 6212 and 4?
4
What is the greatest common factor of 63012 and 492?
12
What is the greatest common divisor of 2680 and 24?
8
Calculate the highest common factor of 179938 and 143.
11
What is the highest common divisor of 48 and 796956?
12
What is the highest common factor of 1693263 and 858?
429
What is the greatest common factor of 15 and 